der when 181741 is divided by 25022.
6587
What is the remainder when 29243365 is divided by 9747783?
16
What is the remainder when 1706215 is divided by 60?
55
What is the remainder when 5966 is divided by 1186?
36
Calculate the remainder when 40289803 is divided by 54.
25
What is the remainder when 1666512 is divided by 833246?
20
What is the remainder when 23860335 is divided by 1834?
1829
What is the remainder when 12364 is divided by 3806?
946
Calculate the remainder when 754506 is divided by 251101.
1203
Calculate the remainder when 5587676 is divided by 592.
380
Calculate the remainder when 206137864 is divided by 324.
316
Calculate the remainder when 25991819 is divided by 6822.
6821
Calculate the remainder when 420362 is divided by 210087.
188
Calculate the remainder when 24795588 is divided by 898.
12
What is the remainder when 831495 is divided by 74?
31
What is the remainder when 269054 is divided by 1818?
1808
Calculate the remainder when 70725188 is divided by 96.
68
What is the remainder when 6358862 is divided by 7?
6
Calculate the remainder when 5211496 is divided by 3241.
3209
Calculate the remainder when 35654016 is divided by 262.
8
Calculate the remainder when 151761253 is divided by 799.
791
What is the remainder when 6995179 is divided by 53?
27
What is the remainder when 1505841 is divided by 501262?
2055
Calculate the remainder when 68961 is divided by 4529.
1026
What is the remainder when 7094530 is divided by 2364778?
196
Calculate the remainder when 11436374 is divided by 10023.
131
What is the remainder when 570462 is divided by 402?
24
What is the remainder when 2537022 is divided by 2028?
2022
Calculate the remainder when 12154627 is divided by 341.
23
Calculate the remainder when 11117856 is divided by 158.
28
What is the remainder when 6504583 is divided by 9?
4
Calculate the remainder when 556554 is divided by 4065.
3714
Calculate the remainder when 2760830 is divided by 161.
2
Calculate the remainder when 62986 is divided by 3073.
1526
What is the remainder when 62543589 is divided by 623?
619
Calculate the remainder when 871343 is divided by 108139.
6231
What is the remainder when 105342 is divided by 26277?
234
Calculate the remainder when 10777 is divided by 542.
479
What is the remainder when 161394418 is divided by 29?
22
What is the remainder when 3386615 is divided by 2558?
2381
What is the remainder when 222071401 is divided by 447?
13
Calculate the remainder when 5132092 is divided by 1088.
1084
What is the remainder when 358182 is divided by 358164?
18
Calculate the remainder when 905204 is divided by 21051.
11
Calculate the remainder when 53870434 is divided by 13467606.
10
What is the remainder when 117911 is divided by 3246?
1055
Calculate the remainder when 651794 is divided by 4722.
158
What is the remainder when 9166536 is divided by 99636?
24
What is the remainder when 708489 is divided by 177112?
41
Calculate the remainder when 13339834 is divided by 4948.
26
Calculate the remainder when 4533246 is divided by 7.
4
What is the remainder when 1868931 is divided by 254?
253
Calculate the remainder when 990027 is divided by 144.
27
Calculate the remainder when 56025 is divided by 18640.
105
Calculate the remainder when 208554838 is divided by 53.
50
What is the remainder when 55558741 is divided by 1584?
1525
Calculate the remainder when 23872 is divided by 22047.
1825
Calculate the remainder when 21716 is divided by 322.
142
Calculate the remainder when 5911030 is divided by 4.
2
Calculate the remainder when 1313133 is divided by 262619.
38
What is the remainder when 5855377 is divided by 27?
22
Calculate the remainder when 2563377 is divided by 206.
119
Calculate the remainder when 4382704 is divided by 593.
434
Calculate the remainder when 49302151 is divided by 146.
141
What is the remainder when 2900764 is divided by 333?
1
Calculate the remainder when 11473150 is divided by 6406.
4
Calculate the remainder when 1489703 is divided by 42.
5
Calculate the remainder when 8366 is divided by 1185.
71
What is the remainder when 69495977 is divided by 1398?
1397
Calculate the remainder when 757050677 is divided by 127.
121
Calculate the remainder when 1959874 is divided by 2617.
2358
What is the remainder when 247164 is divided by 7?
1
Calculate the remainder when 772433 is divided by 34.
21
What is the remainder when 762289 is divided by 50786?
499
Calculate the remainder when 6755328 is divided by 355530.
258
What is the remainder when 339018 is divided by 5437?
1924
Calculate the remainder when 26917 is divided by 7908.
3193
Calculate the remainder when 44809 is divided by 734.
35
Calculate the remainder when 44031 is divided by 21782.
467
Calculate the remainder when 4194616 is divided by 10059.
13
What is the remainder when 1616187 is divided by 197?
196
Calculate the remainder when 5824385 is divided by 1455986.
441
Calculate the remainder when 5184038 is divided by 740576.
6
Calculate the remainder when 14148 is divided by 8784.
5364
Calculate the remainder when 82238571 is divided by 6326042.
25
Calculate the remainder when 2490714 is divided by 109.
64
Calculate the remainder when 10696589 is divided by 181298.
7
Calculate the remainder when 44730 is divided by 13444.
4398
What is the remainder when 5401403 is divided by 27558?
35
What is the remainder when 175138 is divided by 2190?
2128
What is the remainder when 1127163 is divided by 537?
0
What is the remainder when 350888 is divided by 185?
128
Calculate the remainder when 126469 is divided by 21028.
301
What is the remainder when 4458244 is divided by 1114556?
20
Calculate the remainder when 884612 is divided by 52033.
51
Calculate the remainder when 15323 is divided by 12140.
3183
What is the remainder when 289591 is divided by 289393?
198
Calculate the remainder when 480781 is divided by 68667.
112
What is the remainder when 120614515 is divided by 6700806?
7
What is the remainder when 23889 is divided by 7067?
2688
Calculate the remainder when 36125560 is divided by 12376.
16
Calculate the remainder when 155501 is divided by 38579.
1185
Calculate the remainder when 31779758 is divided by 19.
16
Calculate the remainder when 107082 is divided by 14.
10
Calculate the remainder when 308997 is divided by 38546.
629
What is the remainder when 27524 is divided by 26753?
771
What is the remainder when 32570118 is divided by 237738?
12
Calculate the remainder when 29572250 is divided by 18.
14
What is the remainder when 11569 is divided by 10377?
1192
Calculate the remainder when 167056 is divided by 14833.
3893
What is the remainder when 19798 is divided by 1790?
108
What is the remainder when 586125 is divided by 1106?
1051
Calculate the remainder when 18578992 is divided by 182.
68
Calculate the remainder when 138457 is divided by 9880.
137
Calculate the remainder when 3063742 is divided by 2685.
157
What is the remainder when 4161320 is divided by 970?
20
What is the remainder when 20942401 is divided by 70?
11
What is the remainder when 8407396 is divided by 1371?
424
What is the remainder when 5284821 is divided by 281?
54
Calculate the remainder when 3434320 is divided by 1144684.
268
What is the remainder when 1541975 is divided by 142?
139
What is the remainder when 1151609 is divided by 11290?
29
Calculate the remainder when 897790 is divided by 224435.
50
Calculate the remainder when 53896 is divided by 415.
361
Calculate the remainder when 6100 is divided by 1954.
238
What is the remainder when 51965637 is divided by 384?
69
Calculate the remainder when 2218439 is divided by 120.
119
Calculate the remainder when 1443007 is divided by 413.
398
Calculate the remainder when 712372 is divided by 711648.
724
What is the remainder when 55425169 is divided by 2117?
2109
What is the remainder when 48838 is divided by 24056?
726
What is the remainder when 151371 is divided by 18920?
11
Calculate the remainder when 124370 is divided by 124166.
204
Calculate the remainder when 1019754 is divided by 801.
81
Calculate the remainder when 37898570 is divided by 2256.
26
Calculate the remainder when 149742 is divided by 49039.
2625
What is the remainder when 195383 is divided by 74?
23
Calculate the remainder when 4626928 is divided by 122